{"id":732,"date":"2024-06-14T05:37:38","date_gmt":"2024-06-14T08:37:38","guid":{"rendered":"https:\/\/machcnc.com.br\/loja\/?post_type=product&#038;p=732"},"modified":"2025-10-18T14:52:36","modified_gmt":"2025-10-18T17:52:36","slug":"fresa-3-cortes-retos-paralelos-6x22mm","status":"publish","type":"product","link":"https:\/\/machcnc.com.br\/loja\/produto\/fresa-3-cortes-retos-paralelos-6x22mm\/","title":{"rendered":"Fresa 3 Cortes Retos Paralelos 6x22mm"},"content":{"rendered":"<p>Fresa 3 Cortes Retos Paralelos 6x22mm<\/p>\n<p>Descri\u00e7\u00e3o T\u00e9cnica:<br \/>\nMedidas: 6x22mm Com Haste De 1\/2<br \/>\nFresa Em Metal Duro Com 3 Cortes Haste De \u00bd<br \/>\nFresa de alto rendimento<br \/>\nAplica\u00e7\u00f5es:<br \/>\nMdf\/mdp<br \/>\nCompensados<br \/>\nMadeira Em Geral<\/p>\n","protected":false},"excerpt":{"rendered":"<p><a href=\"https:\/\/wa.me\/5547997280140\"><strong>Clique aqui e converse diretamente com vendedor t\u00e9cnico<\/strong><\/a><\/p>\n","protected":false},"featured_media":888,"comment_status":"open","ping_status":"closed","template":"","meta":{"_acf_changed":false,"_monsterinsights_skip_tracking":false,"_monsterinsights_sitenote_active":false,"_monsterinsights_sitenote_note":"","_monsterinsights_sitenote_category":0},"product_brand":[],"product_cat":[102,114],"product_tag":[37,36,235,234,222,218,224,217,220,216,223,38,39],"class_list":{"0":"post-732","1":"product","2":"type-product","3":"status-publish","4":"has-post-thumbnail","6":"product_cat-ferramentas","7":"product_cat-fresas","8":"product_tag-ferramentas-para-cnc-tupia","9":"product_tag-fresa","10":"product_tag-fresa-de-3-cortes","11":"product_tag-fresa-de-6mm","12":"product_tag-fresa-de-corte","13":"product_tag-fresa-para-compensado","14":"product_tag-fresa-para-corte","15":"product_tag-fresa-para-madeira","16":"product_tag-fresa-para-marcenaria","17":"product_tag-fresa-para-mdf","18":"product_tag-fresa-para-mdp","19":"product_tag-fresa-para-usinagem-cnc","20":"product_tag-fresas-de-metal-duro","22":"first","23":"instock","24":"shipping-taxable","25":"purchasable","26":"product-type-simple"},"acf":[],"yoast_head":"<!-- This site is optimized with the Yoast SEO Premium plugin v22.6 (Yoast SEO v26.2) - https:\/\/yoast.com\/wordpress\/plugins\/seo\/ -->\n<title>Fresa 3 Cortes Retos Paralelos 6x22mm - Mach CNC - Maior Fabricante Nacional de Ma\u0301quinas CNC. \ud83c\udde7\ud83c\uddf7<\/title>\n<meta name=\"description\" content=\"Fresa 3 Cortes Retos Paralelos 6x22mmDescri\u00e7\u00e3o T\u00e9cnica:Medidas: 6x22mm Com Haste De 1\/2Fresa Em Metal Duro Com 3 Cortes Haste De \u00bdAplica\u00e7\u00f5es:Mdf\/mdpCompensadosMadeira Em Geral Fresa de alto rendimento\" \/>\n<meta name=\"robots\" content=\"index, follow, max-snippet:-1, max-image-preview:large, max-video-preview:-1\" \/>\n<link rel=\"canonical\" href=\"https:\/\/machcnc.com.br\/loja\/produto\/fresa-3-cortes-retos-paralelos-6x22mm\/\" \/>\n<meta property=\"og:locale\" content=\"pt_BR\" \/>\n<meta property=\"og:type\" content=\"article\" \/>\n<meta property=\"og:title\" content=\"Fresa 3 Cortes Retos Paralelos 6x22mm\" \/>\n<meta property=\"og:description\" content=\"Fresa 3 Cortes Retos Paralelos 6x22mmDescri\u00e7\u00e3o T\u00e9cnica:Medidas: 6x22mm Com Haste De 1\/2Fresa Em Metal Duro Com 3 Cortes Haste De \u00bdAplica\u00e7\u00f5es:Mdf\/mdpCompensadosMadeira Em Geral Fresa de alto rendimento\" \/>\n<meta property=\"og:url\" content=\"https:\/\/machcnc.com.br\/loja\/produto\/fresa-3-cortes-retos-paralelos-6x22mm\/\" \/>\n<meta property=\"og:site_name\" content=\"Mach CNC - Maior Fabricante Nacional de Ma\u0301quinas CNC. \ud83c\udde7\ud83c\uddf7\" \/>\n<meta property=\"article:modified_time\" content=\"2025-10-18T17:52:36+00:00\" \/>\n<meta property=\"og:image\" content=\"https:\/\/machcnc.com.br\/loja\/wp-content\/uploads\/2024\/06\/233010125-RETA-O6X22-CUT-PRO.jpeg\" \/>\n\t<meta property=\"og:image:width\" content=\"800\" \/>\n\t<meta property=\"og:image:height\" content=\"800\" \/>\n\t<meta property=\"og:image:type\" content=\"image\/jpeg\" \/>\n<meta name=\"twitter:card\" content=\"summary_large_image\" \/>\n<meta name=\"twitter:label1\" content=\"Est. tempo de leitura\" \/>\n\t<meta name=\"twitter:data1\" content=\"1 minuto\" \/>\n<script type=\"application\/ld+json\" class=\"yoast-schema-graph\">{\"@context\":\"https:\/\/schema.org\",\"@graph\":[{\"@type\":\"WebPage\",\"@id\":\"https:\/\/machcnc.com.br\/loja\/produto\/fresa-3-cortes-retos-paralelos-6x22mm\/\",\"url\":\"https:\/\/machcnc.com.br\/loja\/produto\/fresa-3-cortes-retos-paralelos-6x22mm\/\",\"name\":\"Fresa 3 Cortes Retos Paralelos 6x22mm - Mach CNC - Maior Fabricante Nacional de Ma\u0301quinas CNC. \ud83c\udde7\ud83c\uddf7\",\"isPartOf\":{\"@id\":\"https:\/\/machcnc.com.br\/loja\/#website\"},\"primaryImageOfPage\":{\"@id\":\"https:\/\/machcnc.com.br\/loja\/produto\/fresa-3-cortes-retos-paralelos-6x22mm\/#primaryimage\"},\"image\":{\"@id\":\"https:\/\/machcnc.com.br\/loja\/produto\/fresa-3-cortes-retos-paralelos-6x22mm\/#primaryimage\"},\"thumbnailUrl\":\"https:\/\/machcnc.com.br\/loja\/wp-content\/uploads\/2024\/06\/233010125-RETA-O6X22-CUT-PRO.jpeg\",\"datePublished\":\"2024-06-14T08:37:38+00:00\",\"dateModified\":\"2025-10-18T17:52:36+00:00\",\"description\":\"Fresa 3 Cortes Retos Paralelos 6x22mmDescri\u00e7\u00e3o T\u00e9cnica:Medidas: 6x22mm Com Haste De 1\/2Fresa Em Metal Duro Com 3 Cortes Haste De \u00bdAplica\u00e7\u00f5es:Mdf\/mdpCompensadosMadeira Em Geral Fresa de alto rendimento\",\"breadcrumb\":{\"@id\":\"https:\/\/machcnc.com.br\/loja\/produto\/fresa-3-cortes-retos-paralelos-6x22mm\/#breadcrumb\"},\"inLanguage\":\"pt-BR\",\"potentialAction\":[{\"@type\":\"ReadAction\",\"target\":[\"https:\/\/machcnc.com.br\/loja\/produto\/fresa-3-cortes-retos-paralelos-6x22mm\/\"]}]},{\"@type\":\"ImageObject\",\"inLanguage\":\"pt-BR\",\"@id\":\"https:\/\/machcnc.com.br\/loja\/produto\/fresa-3-cortes-retos-paralelos-6x22mm\/#primaryimage\",\"url\":\"https:\/\/machcnc.com.br\/loja\/wp-content\/uploads\/2024\/06\/233010125-RETA-O6X22-CUT-PRO.jpeg\",\"contentUrl\":\"https:\/\/machcnc.com.br\/loja\/wp-content\/uploads\/2024\/06\/233010125-RETA-O6X22-CUT-PRO.jpeg\",\"width\":800,\"height\":800},{\"@type\":\"BreadcrumbList\",\"@id\":\"https:\/\/machcnc.com.br\/loja\/produto\/fresa-3-cortes-retos-paralelos-6x22mm\/#breadcrumb\",\"itemListElement\":[{\"@type\":\"ListItem\",\"position\":1,\"name\":\"Home\",\"item\":\"https:\/\/machcnc.com.br\/loja\/\"},{\"@type\":\"ListItem\",\"position\":2,\"name\":\"Produtos\",\"item\":\"https:\/\/machcnc.com.br\/loja\/produtos\/\"},{\"@type\":\"ListItem\",\"position\":3,\"name\":\"Fresa 3 Cortes Retos Paralelos 6x22mm\"}]},{\"@type\":\"WebSite\",\"@id\":\"https:\/\/machcnc.com.br\/loja\/#website\",\"url\":\"https:\/\/machcnc.com.br\/loja\/\",\"name\":\"Mach CNC - Maior Fabricante Nacional de Ma\u0301quinas CNC. \ud83c\udde7\ud83c\uddf7\",\"description\":\"\",\"publisher\":{\"@id\":\"https:\/\/machcnc.com.br\/loja\/#organization\"},\"potentialAction\":[{\"@type\":\"SearchAction\",\"target\":{\"@type\":\"EntryPoint\",\"urlTemplate\":\"https:\/\/machcnc.com.br\/loja\/?s={search_term_string}\"},\"query-input\":{\"@type\":\"PropertyValueSpecification\",\"valueRequired\":true,\"valueName\":\"search_term_string\"}}],\"inLanguage\":\"pt-BR\"},{\"@type\":\"Organization\",\"@id\":\"https:\/\/machcnc.com.br\/loja\/#organization\",\"name\":\"Mach CNC - Maior Fabricante Nacional de Ma\u0301quinas CNC. \ud83c\udde7\ud83c\uddf7\",\"url\":\"https:\/\/machcnc.com.br\/loja\/\",\"logo\":{\"@type\":\"ImageObject\",\"inLanguage\":\"pt-BR\",\"@id\":\"https:\/\/machcnc.com.br\/loja\/#\/schema\/logo\/image\/\",\"url\":\"https:\/\/machcnc.com.br\/loja\/wp-content\/uploads\/2024\/05\/logo.svg\",\"contentUrl\":\"https:\/\/machcnc.com.br\/loja\/wp-content\/uploads\/2024\/05\/logo.svg\",\"caption\":\"Mach CNC - Maior Fabricante Nacional de Ma\u0301quinas CNC. \ud83c\udde7\ud83c\uddf7\"},\"image\":{\"@id\":\"https:\/\/machcnc.com.br\/loja\/#\/schema\/logo\/image\/\"}}]}<\/script>\n<!-- \/ Yoast SEO Premium plugin. -->","yoast_head_json":{"title":"Fresa 3 Cortes Retos Paralelos 6x22mm - Mach CNC - Maior Fabricante Nacional de Ma\u0301quinas CNC. \ud83c\udde7\ud83c\uddf7","description":"Fresa 3 Cortes Retos Paralelos 6x22mmDescri\u00e7\u00e3o T\u00e9cnica:Medidas: 6x22mm Com Haste De 1\/2Fresa Em Metal Duro Com 3 Cortes Haste De \u00bdAplica\u00e7\u00f5es:Mdf\/mdpCompensadosMadeira Em Geral Fresa de alto rendimento","robots":{"index":"index","follow":"follow","max-snippet":"max-snippet:-1","max-image-preview":"max-image-preview:large","max-video-preview":"max-video-preview:-1"},"canonical":"https:\/\/machcnc.com.br\/loja\/produto\/fresa-3-cortes-retos-paralelos-6x22mm\/","og_locale":"pt_BR","og_type":"article","og_title":"Fresa 3 Cortes Retos Paralelos 6x22mm","og_description":"Fresa 3 Cortes Retos Paralelos 6x22mmDescri\u00e7\u00e3o T\u00e9cnica:Medidas: 6x22mm Com Haste De 1\/2Fresa Em Metal Duro Com 3 Cortes Haste De \u00bdAplica\u00e7\u00f5es:Mdf\/mdpCompensadosMadeira Em Geral Fresa de alto rendimento","og_url":"https:\/\/machcnc.com.br\/loja\/produto\/fresa-3-cortes-retos-paralelos-6x22mm\/","og_site_name":"Mach CNC - Maior Fabricante Nacional de Ma\u0301quinas CNC. \ud83c\udde7\ud83c\uddf7","article_modified_time":"2025-10-18T17:52:36+00:00","og_image":[{"width":800,"height":800,"url":"https:\/\/machcnc.com.br\/loja\/wp-content\/uploads\/2024\/06\/233010125-RETA-O6X22-CUT-PRO.jpeg","type":"image\/jpeg"}],"twitter_card":"summary_large_image","twitter_misc":{"Est. tempo de leitura":"1 minuto"},"schema":{"@context":"https:\/\/schema.org","@graph":[{"@type":"WebPage","@id":"https:\/\/machcnc.com.br\/loja\/produto\/fresa-3-cortes-retos-paralelos-6x22mm\/","url":"https:\/\/machcnc.com.br\/loja\/produto\/fresa-3-cortes-retos-paralelos-6x22mm\/","name":"Fresa 3 Cortes Retos Paralelos 6x22mm - Mach CNC - Maior Fabricante Nacional de Ma\u0301quinas CNC. \ud83c\udde7\ud83c\uddf7","isPartOf":{"@id":"https:\/\/machcnc.com.br\/loja\/#website"},"primaryImageOfPage":{"@id":"https:\/\/machcnc.com.br\/loja\/produto\/fresa-3-cortes-retos-paralelos-6x22mm\/#primaryimage"},"image":{"@id":"https:\/\/machcnc.com.br\/loja\/produto\/fresa-3-cortes-retos-paralelos-6x22mm\/#primaryimage"},"thumbnailUrl":"https:\/\/machcnc.com.br\/loja\/wp-content\/uploads\/2024\/06\/233010125-RETA-O6X22-CUT-PRO.jpeg","datePublished":"2024-06-14T08:37:38+00:00","dateModified":"2025-10-18T17:52:36+00:00","description":"Fresa 3 Cortes Retos Paralelos 6x22mmDescri\u00e7\u00e3o T\u00e9cnica:Medidas: 6x22mm Com Haste De 1\/2Fresa Em Metal Duro Com 3 Cortes Haste De \u00bdAplica\u00e7\u00f5es:Mdf\/mdpCompensadosMadeira Em Geral Fresa de alto rendimento","breadcrumb":{"@id":"https:\/\/machcnc.com.br\/loja\/produto\/fresa-3-cortes-retos-paralelos-6x22mm\/#breadcrumb"},"inLanguage":"pt-BR","potentialAction":[{"@type":"ReadAction","target":["https:\/\/machcnc.com.br\/loja\/produto\/fresa-3-cortes-retos-paralelos-6x22mm\/"]}]},{"@type":"ImageObject","inLanguage":"pt-BR","@id":"https:\/\/machcnc.com.br\/loja\/produto\/fresa-3-cortes-retos-paralelos-6x22mm\/#primaryimage","url":"https:\/\/machcnc.com.br\/loja\/wp-content\/uploads\/2024\/06\/233010125-RETA-O6X22-CUT-PRO.jpeg","contentUrl":"https:\/\/machcnc.com.br\/loja\/wp-content\/uploads\/2024\/06\/233010125-RETA-O6X22-CUT-PRO.jpeg","width":800,"height":800},{"@type":"BreadcrumbList","@id":"https:\/\/machcnc.com.br\/loja\/produto\/fresa-3-cortes-retos-paralelos-6x22mm\/#breadcrumb","itemListElement":[{"@type":"ListItem","position":1,"name":"Home","item":"https:\/\/machcnc.com.br\/loja\/"},{"@type":"ListItem","position":2,"name":"Produtos","item":"https:\/\/machcnc.com.br\/loja\/produtos\/"},{"@type":"ListItem","position":3,"name":"Fresa 3 Cortes Retos Paralelos 6x22mm"}]},{"@type":"WebSite","@id":"https:\/\/machcnc.com.br\/loja\/#website","url":"https:\/\/machcnc.com.br\/loja\/","name":"Mach CNC - Maior Fabricante Nacional de Ma\u0301quinas CNC. \ud83c\udde7\ud83c\uddf7","description":"","publisher":{"@id":"https:\/\/machcnc.com.br\/loja\/#organization"},"potentialAction":[{"@type":"SearchAction","target":{"@type":"EntryPoint","urlTemplate":"https:\/\/machcnc.com.br\/loja\/?s={search_term_string}"},"query-input":{"@type":"PropertyValueSpecification","valueRequired":true,"valueName":"search_term_string"}}],"inLanguage":"pt-BR"},{"@type":"Organization","@id":"https:\/\/machcnc.com.br\/loja\/#organization","name":"Mach CNC - Maior Fabricante Nacional de Ma\u0301quinas CNC. \ud83c\udde7\ud83c\uddf7","url":"https:\/\/machcnc.com.br\/loja\/","logo":{"@type":"ImageObject","inLanguage":"pt-BR","@id":"https:\/\/machcnc.com.br\/loja\/#\/schema\/logo\/image\/","url":"https:\/\/machcnc.com.br\/loja\/wp-content\/uploads\/2024\/05\/logo.svg","contentUrl":"https:\/\/machcnc.com.br\/loja\/wp-content\/uploads\/2024\/05\/logo.svg","caption":"Mach CNC - Maior Fabricante Nacional de Ma\u0301quinas CNC. \ud83c\udde7\ud83c\uddf7"},"image":{"@id":"https:\/\/machcnc.com.br\/loja\/#\/schema\/logo\/image\/"}}]}},"_links":{"self":[{"href":"https:\/\/machcnc.com.br\/loja\/wp-json\/wp\/v2\/product\/732","targetHints":{"allow":["GET"]}}],"collection":[{"href":"https:\/\/machcnc.com.br\/loja\/wp-json\/wp\/v2\/product"}],"about":[{"href":"https:\/\/machcnc.com.br\/loja\/wp-json\/wp\/v2\/types\/product"}],"replies":[{"embeddable":true,"href":"https:\/\/machcnc.com.br\/loja\/wp-json\/wp\/v2\/comments?post=732"}],"wp:featuredmedia":[{"embeddable":true,"href":"https:\/\/machcnc.com.br\/loja\/wp-json\/wp\/v2\/media\/888"}],"wp:attachment":[{"href":"https:\/\/machcnc.com.br\/loja\/wp-json\/wp\/v2\/media?parent=732"}],"wp:term":[{"taxonomy":"product_brand","embeddable":true,"href":"https:\/\/machcnc.com.br\/loja\/wp-json\/wp\/v2\/product_brand?post=732"},{"taxonomy":"product_cat","embeddable":true,"href":"https:\/\/machcnc.com.br\/loja\/wp-json\/wp\/v2\/product_cat?post=732"},{"taxonomy":"product_tag","embeddable":true,"href":"https:\/\/machcnc.com.br\/loja\/wp-json\/wp\/v2\/product_tag?post=732"}],"curies":[{"name":"wp","href":"https:\/\/api.w.org\/{rel}","templated":true}]}}